 the prime factors of 355533?
3, 37, 3203
What are the prime factors of 444404?
2, 241, 461
List the prime factors of 1083788.
2, 29, 9343
List the prime factors of 1321429.
1321429
What are the prime factors of 37058?
2, 7, 2647
List the prime factors of 16911.
3, 1879
What are the prime factors of 712628?
2, 7, 31, 821
What are the prime factors of 9672006?
2, 3, 23, 109, 643
What are the prime factors of 618688?
2, 7, 1381
List the prime factors of 1893454.
2, 946727
What are the prime factors of 482598?
2, 3, 331
List the prime factors of 3211171.
19, 169009
What are the prime factors of 1022491?
1022491
List the prime factors of 1652473.
47, 35159
List the prime factors of 31917166.
2, 31, 514793
List the prime factors of 96746.
2, 13, 61
What are the prime factors of 835849?
7, 97, 1231
List the prime factors of 202966.
2, 101483
List the prime factors of 267522.
2, 3, 44587
List the prime factors of 10489209.
3, 3496403
List the prime factors of 986881.
7, 140983
List the prime factors of 14393496.
2, 3, 13, 46133
List the prime factors of 10719322.
2, 1381, 3881
What are the prime factors of 10489526?
2, 5244763
List the prime factors of 4588789.
4588789
List the prime factors of 1864866.
2, 3, 17, 47, 389
List the prime factors of 361969.
19, 19051
What are the prime factors of 325817?
167, 1951
List the prime factors of 731920.
2, 5, 7, 1307
List the prime factors of 198112.
2, 41, 151
What are the prime factors of 14401241?
3767, 3823
List the prime factors of 6838816.
2, 213713
List the prime factors of 160176.
2, 3, 47, 71
List the prime factors of 297892.
2, 7, 10639
What are the prime factors of 258925?
5, 10357
What are the prime factors of 272881?
7, 5569
What are the prime factors of 20204669?
199, 101531
What are the prime factors of 8274013?
11, 752183
What are the prime factors of 7744118?
2, 3872059
What are the prime factors of 81077?
81077
List the prime factors of 386438.
2, 13, 89, 167
List the prime factors of 9387592.
2, 47, 24967
List the prime factors of 786367.
113, 6959
List the prime factors of 3315251.
29, 114319
List the prime factors of 3333845.
5, 666769
List the prime factors of 24157.
7, 17, 29
What are the prime factors of 6194?
2, 19, 163
List the prime factors of 237429.
3, 23, 31, 37
What are the prime factors of 340343?
211, 1613
List the prime factors of 94638.
2, 3, 15773
What are the prime factors of 1423235?
5, 11, 113, 229
What are the prime factors of 7005941?
7005941
What are the prime factors of 3386763?
3, 376307
List the prime factors of 25533400.
2, 5, 43, 2969
What are the prime factors of 1390133?
31, 44843
List the prime factors of 25949151.
3, 71, 40609
List the prime factors of 112819.
7, 71, 227
List the prime factors of 2246284.
2, 593, 947
What are the prime factors of 13037126?
2, 887, 7349
What are the prime factors of 355507?
355507
List the prime factors of 4172302.
2, 109, 19139
What are the prime factors of 1107505?
5, 7, 31643
What are the prime factors of 2252081?
13, 191, 907
List the prime factors of 241792.
2, 1889
What are the prime factors of 120530?
2, 5, 17, 709
List the prime factors of 3506736.
2, 3, 43, 1699
List the prime factors of 378914.
2, 29, 47, 139
What are the prime factors of 1882889?
73, 25793
List the prime factors of 268743.
3, 29, 3089
What are the prime factors of 207057?
3, 69019
What are the prime factors of 7426728?
2, 3, 73, 157
What are the prime factors of 15797625?
3, 5, 103, 409
List the prime factors of 12110260.
2, 5, 107, 5659
What are the prime factors of 3224017?
29, 107, 1039
What are the prime factors of 241112?
2, 30139
What are the prime factors of 609688?
2, 17, 4483
List the prime factors of 397141.
23, 31, 557
List the prime factors of 7182484.
2, 1795621
List the prime factors of 7475809.
11, 53, 12823
List the prime factors of 13020.
2, 3, 5, 7, 31
What are the prime factors of 5925276?
2, 3, 7, 3359
What are the prime factors of 768890?
2, 5, 23, 3343
List the prime factors of 142086.
2, 3, 7, 17, 199
List the prime factors of 3092445.
3, 5, 22907
What are the prime factors of 250453?
7, 37, 967
What are the prime factors of 188830?
2, 5, 23, 821
List the prime factors of 438889.
11, 17, 2347
What are the prime factors of 2797524?
2, 3, 25903
List the prime factors of 2033591.
7, 17, 23, 743
What are the prime factors of 4495330?
2, 5, 7, 149, 431
What are the prime factors of 72240?
2, 3, 5, 7, 43
What are the prime factors of 799952?
2, 17, 173
List the prime factors of 418720.
2, 5, 2617
List the prime factors of 85466.
2, 151, 283
List the prime factors of 385147.
7, 55021
List the prime factors of 1189312.
2, 18583
What are the prime factors of 27719536?
2, 13, 71, 1877
What are the prime factors of 702887?
702887
What are the prime factors of 2426374?
2, 73, 16619
What are the prime factors of 479161?
19, 25219
What are the prime factors of 399781?
399781
List the prime factors of 1663396.
2, 7, 59407
List the prime factors of 504974.
2, 163, 1549
What are the prime factors of 237894?
2, 3, 31, 1279
What are the prime factors of 222048?
2, 3, 257
List the prime factors of 126120.
2, 3, 5, 1051
List the prime factors of 194909.
11, 13, 29, 47
What are the prime factors of 316187?
29, 10903
What are the prime factors of 14480039?
7, 17, 17383
What are the prime factors of 13542117?
3, 19, 237581
List the prime factors of 2947361.
157, 18773
What are the prime factors of 1659688?
2, 19, 61, 179
What are the prime factors of 9585671?
17, 19, 59, 503
What are the prime factors of 205734?
2, 3, 17, 2017
List the prime factors of 392988.
2, 3, 32749
List the prime factors of 2411169.
3, 41, 19603
List the prime factors of 198783.
3, 13, 1699
List the prime factors of 20407699.
13, 103, 15241
What are the prime factors of 8766001?
317, 27653
List the prime factors of 21652755.
3, 5, 1443517
What are the prime factors of 19218265?
5, 11, 349423
What are the prime factors of 256615?
5, 17, 3019
List the prime factors of 830801.
830801
List the prime factors of 5890169.
157, 37517
What are the prime factors of 36410?
2, 5, 11, 331
What are the prime factors of 110158?
2, 55079
List the prime factors of 195945.
3, 5, 13063
What are the prime factors of 15342668?
2, 11, 157, 2221
List the prime factors of 551410.
2, 5, 67, 823
What are the prime factors of 741234?
2, 3, 13, 17, 43
What are the prime factors of 14133655?
5, 83, 34057
What are the prime factors of 620742?
2, 3, 103457
List the prime factors of 15774671.
11, 967, 1483
List the prime factors of 479108.
2, 7, 71, 241
What are the prime factors of 320582?
2, 79, 2029
What are the prime factors of 1162294?
2, 7, 61, 1361
List the prime factors of 70522.
2, 37, 953
What are the prime factors of 5349894?
2, 3, 11, 7369
What are the prime factors of 32095?
5, 7, 131
What are the prime factors of 3875698?
2, 1063, 1823
What are the prime factors of 1516050?
2, 3, 5, 1123
What are the prime factors of 2625449?
2625449
List the prime factors of 101314.
2, 179, 283
What are the prime factors of 2283303?
3, 11, 69191
List the prime factors of 401902.
2, 23, 8737
What are the prime factors of 1319266?
2, 13, 50741
What are the prime factors of 31633003?
89, 355427
List the prime factors of 586061.
7, 29, 2887
What are the prime factors of 3570624?
2, 3, 6199
List the prime factors of 35279.
35279
What are the prime factors of 221470?
2, 5, 22147
What are the prime factors of 1871228?
2, 677, 691
List the prime factors of 15734496.
2, 3, 163901
List the prime factors of 263413.
241, 1093
List the prime factors of 114860.
2, 5, 5743
List the prime factors of 35822611.
11, 3256601
What are the prime factors of 3260707?
349, 9343
List the prime factors of 1668767.
191, 8737
What are the prime factors of 9953173?
9953173
List the prime factors of 202365.
3, 5, 1499
What are the prime factors of 1550141?
1550141
List the prime factors of 1807817.
11, 149, 1103
List the prime factors of 10473950.
2, 5, 47, 4457
What are the prime factors of 18398?
2, 9199
What are the prime factors of 365425?
5, 47, 311
List the prime factors of 1391181.
3, 11, 42157
What are the prime factors of 827694?
2, 3, 7, 6569
List the prime factors of 42663.
3, 14221
What are the prime factors of 7600795?
5, 